 = 10*g + 1. Let h(s) = -11*s - 2. Let w(z) = 6*f(z) + 5*h(z). What are the prime factors of w(4)?
2
Suppose -250 + 34 = -4*l. Suppose -5*p - 2*g = -l - 8, -g - 47 = -4*p. List the prime factors of p.
2, 3
Let w = -8 + 2. Let j = w - -11. Suppose j*d = 3*x - 0 - 86, -4 = d. List the prime factors of x.
2, 11
Suppose 0 = 4*a + 2*m - 75 - 35, 0 = -a - 4*m + 31. What are the prime factors of a?
3
Suppose -2*g + 21 = g. Let k = g + -5. Let c(d) = 3*d - 2. List the prime factors of c(k).
2
Let d be (21/6 + -3)*2. Suppose -2*w + d = -5. List the prime factors of w.
3
Let c(f) = f**2 - f + 25. Let q be c(0). Let d = -1 + q. Suppose -5*m + 1 = -d. List the prime factors of m.
5
Let c be ((-12)/16)/(2/(-8)). Let y(v) = 3*v**2 + 2*v**2 + 3*v**3 - 2*v**c + v. What are the prime factors of y(-4)?
2, 3
Suppose 5*q - 11*q = -2208. List the prime factors of q.
2, 23
Let d(b) = -b**3 + 4*b**2 + b. Let h be d(4). Suppose -2*l + 6 + h = 0. Suppose n - 34 = -3*m, l*n = -3*m - 7 + 57. What are the prime factors of m?
2, 5
What are the prime factors of (-54)/(-12)*(3 + -1)?
3
Suppose -4*x + 8*h = 5*h - 5, 0 = 4*x - h - 7. Suppose -5*d = -x*b + 15, 7 = 4*d - 5. List the prime factors of b.
3, 5
Suppose 91 = 5*a - 164. Suppose -3*s + 3*r + 2*r + a = 0, -5*r - 15 = 0. List the prime factors of s.
2, 3
Suppose 2*d + 14 = -22. What are the prime factors of (4/(-1))/(4/d)?
2, 3
Let q(k) = 3*k**2 + 9*k - 2. What are the prime factors of q(-9)?
2, 5
Let u(g) = g**3 + g**2 - 3*g + 1. Let f be u(3). List the prime factors of 8/f - (-234)/14.
17
Let k = 7 + -4. Suppose k*m + 3*o - 14 = 2*m, -4*o = -2*m - 12. Suppose m*c - 11 = -2*j - j, -2*j + 3 = -3*c. What are the prime factors of j?
3
Let o be 4/18 + (-4)/18. What are the prime factors of o + (6 - 3) + 2?
5
Let q = -17 + 41. Let r = q - 16. What are the prime factors of r?
2
Let q(r) = 3*r - 5. Let s be q(3). Suppose -2*u + 4*p = -12 - 14, s*u - 91 = -5*p. What are the prime factors of u?
19
Let a = 1 + -3. Let r(i) be the third derivative of -i**6/120 + i**5/30 + i**4/8 - 4*i**2. What are the prime factors of r(a)?
2, 5
Suppose -26 = -4*n + 2*n. List the prime factors of n.
13
Let y(m) = 35*m**2 + 2*m - 1. What are the prime factors of y(1)?
2, 3
Suppose -v - 3*u = -176, -3*u = 8*v - 5*v - 552. What are the prime factors of v?
2, 47
Let h(y) = 4*y + 1. Let q be h(-1). Let z be (-4)/8*6*q. Suppose 5*m - 51 - z = 0. List the prime factors of m.
2, 3
Suppose -3*i + 8 = i. Suppose -5 - 1 = -i*h. List the prime factors of h.
3
Let v(j) = j**3 + 7*j**2 - 12*j - 13. What are the prime factors of v(-7)?
71
Let u = 5 + -6. Let v(f) = 9*f - 1. Let k(c) = -17*c + 2. Let g(t) = -2*k(t) - 5*v(t). List the prime factors of g(u).
2, 3
Suppose -2*y + d - 18 = 0, y = 3*y - 3*d + 22. Let u(l) = l**2 + 3*l - 11. Let g be u(y). Let p = -17 + g. List the prime factors of p.
2, 3
Let x(y) = -y + 6. Let r = 5 - 5. Suppose 3*v + r*o = -4*o - 10, -32 = 5*v - o. What are the prime factors of x(v)?
2, 3
Let w = 19 - 17. Let z = -2 + 5. Suppose 2*s = -w*b + b + 12, 2*s - 40 = -z*b. What are the prime factors of b?
2, 7
Suppose 5 - 59 = -2*n. List the prime factors of n.
3
Let g be ((-3)/(-6))/(1/(-44)). What are the prime factors of (-8)/(-44) - 194/g?
3
Suppose 0 = 3*o - 16 + 1, -2*x - 5*o = -19. Let w(u) = -4*u + 2. Let h be w(x). Suppose h = 3*m - 16. List the prime factors of m.
2, 5
Suppose 24 = -2*o - 2*o + 4*t, 80 = -5*o - 5*t. Let y(m) = m**3 + 12*m**2 + 9*m - 9. List the prime factors of y(o).
13
Let r be (3 + -5)/(1/(-12)). Let m = -4 + r. What are the prime factors of m?
2, 5
Suppose -3*u - 13 = 14. Let q = u + 13. What are the prime factors of q?
2
Suppose 2*l - 77 = -s + 44, -5*l = -4*s + 484. List the prime factors of s.
11
Let o(z) be the first derivative of z**2 + 4*z + 4. List the prime factors of o(0).
2
Let n = 40 - -9. List the prime factors of n.
7
Let g(w) = w. Let v be g(-4). Let i be (5/v - -2)*4. Suppose h + 1 = 0, i*l - 4*h = -0*h + 46. What are the prime factors of l?
2, 7
Let g(n) = n**2 + 3*n - 2. Let j be g(-3). Let q(c) = -30*c + 2. Let s be q(j). Let a = -44 + s. What are the prime factors of a?
2, 3
Let l = 12 + -12. Suppose l = -4*m + 6*m - 92. List the prime factors of m.
2, 23
Suppose t = 6 + 13. What are the prime factors of t?
19
Let j = 178 + -347. Let c be j/(-9) - (-4)/18. Let q = c - 9. What are the prime factors of q?
2, 5
Let k = 67 + -1. List the prime factors of k.
2, 3, 11
Suppose 4*n - s + 2 = -0*n, -2*n = -4*s - 6. List the prime factors of n/(-2)*2 - -12.
13
Let b = 5 - 1. Suppose -16 = b*m - 5*m. Suppose -4*x = -5*x + m. What are the prime factors of x?
2
Let n(y) = 15 - 4*y**2 - 8*y**2 + y**3 + y**2 - 11*y. What are the prime factors of n(12)?
3
Let q be (-9)/(-2)*(-2)/3. List the prime factors of -3 - q/(9/75).
2, 11
Suppose 4*h - 75 = 4*f + 113, -188 = -4*h - 3*f. List the prime factors of h.
47
Let g(j) = 29*j - 1. List the prime factors of g(2).
3, 19
Suppose 10*z - 430 = 5*z. What are the prime factors of z?
2, 43
Suppose -2*x = 12 - 52. List the prime factors of x.
2, 5
Let x = 23 - -13. Let t = -26 - -6. Let y = x + t. What are the prime factors of y?
2
Let r = 60 - -264. List the prime factors of r.
2, 3
Let w(p) = p**2 + 3*p + 1. Let c be w(-5). Let y(l) = -6*l. Let t be y(1). Let f = t + c. List the prime factors of f.
5
Let j be (-8)/24 + (-7)/(-3). Let u(f) = -f**3 + 4*f**2 - 3*f + 1. What are the prime factors of u(j)?
3
Let h = -347 + 694. List the prime factors of h.
347
Let c(x) = x**2 + 7*x + 4. Let v be c(-7). Suppose -16 = 2*d - v*d. List the prime factors of d.
2
Suppose -4*o = -9*o. Suppose 3*q - 69 - 6 = o. List the prime factors of q.
5
Let u be 5/1*2/5. Suppose -4*o + u*o + 19 = 3*w, -66 = -3*o + 3*w. What are the prime factors of o?
17
What are the prime factors of (-212)/36*-3*3?
53
Let j(x) = -10*x**2 + 3*x - 2 + 3 + 2 + x**3. What are the prime factors of j(10)?
3, 11
Suppose -6 - 14 = -4*q. Suppose 0 = -2*c - t + q, -3*t = 3*c - 2*t - 10. Suppose 3*u - c*s - 17 = 0, -5*u + 2*s = -u - 32. List the prime factors of u.
3
Let l(a) = -a**3 + a**2 - a - 1. Let z(m) = -3*m**3 + 3*m**2 - m + 23. Let b(o) = -2*l(o) + z(o). List the prime factors of b(0).
5
Let q(a) be the third derivative of -a**6/120 - a**3/3 - a**2. Let b(g) = -g. Let n be b(2). What are the prime factors of q(n)?
2, 3
Let t(v) = -v**3 + 5*v**2 + v - 3. Let k(c) = -c**2 + 5*c - 4. Let h be k(3). Let f = 3 + h. What are the prime factors of t(f)?
2
Suppose -315 = 2*f - 7*f. List the prime factors of f.
3, 7
Let l = 29 + -13. Suppose 3*d = 2*d - 11. Let o = l + d. List the prime factors of o.
5
Let n = 30 + 133. What are the prime factors of n?
163
Suppose 3*l + 2*z + 4 = 0, -8*l + 3*l - 5*z = 15. Let f be 12/(-3) + 3 + 4. Suppose l*w - f = w. What are the prime factors of w?
3
Suppose 4*l = -0*l - 36. Let t = l - -20. List the prime factors of t.
11
Let w be -3 + 1 + (0 - -4). What are the prime factors of (-3)/(1 + -2)*w?
2, 3
Let l be (-3 - -1 - -3) + 3. Suppose i = -l*i + 140. Let b = -16 + i. What are the prime factors of b?
2, 3
Let d be 3/(3/12*2). What are the prime factors of (-37)/(-7) - d/21?
5
List the prime factors of (-92)/2*6/(-12).
23
Let q be 122/(-8) + (-2)/(-8). Let h(x) = -27*x. Let z be h(-1). Let r = q + z. What are the prime factors of r?
2, 3
What are the prime factors of -1*(2669/(-7) - 24/(-84))?
3, 127
Suppose -3*v + 4 = -v - 3*c, 3*c = 0. Suppose 44 = -v*d + 6*d. List the prime factors of d.
11
Suppose 4*u + 0*f = 3*f + 148, -60 = -2*u - 2*f. List the prime factors of u.
2, 17
Suppose 0 = -5*b + 2*s + 125, 7*b - s = 3*b + 103. List the prime factors of b.
3
Let i = -5 - -13. Let t be (1 + i)/((-6)/(-8)). List the prime factors of (9/12)/(1/t).
3
Let j(f) = -f**3 - 5*f**2 + 5*f - 2. What are the prime factors of j(-7)?
61
Suppose -53 = q - 2*q. Let l = 103 - q. List the prime factors of l.
2, 5
Suppose -11*z = -399 - 250. What are the prime factors of z?
59
Let u = -3 - -6. Suppose u*g = -g + 44. Suppose 5*q = -g + 121. List the prime factors of q.
2, 11
Let r(z) = -z**3 - 4*z**2 + 4. Suppose 13 = -5*m - 7. Let l be r(m). Suppose 0 = -l*p + 5*y + 4, 3*p - y - 14 = -0*p. List the prime factors of p.
2, 3
Let h be (-6)/9*(-9 + 3). Suppose h = l - 11. What are the prime factors of l